is the ten thousands digit of 1123959?
2
What is the units digit of 679828?
8
What is the millions digit of 1309072?
1
What is the thousands digit of 121058?
1
What is the hundreds digit of 6177419?
4
What is the thousands digit of 4421975?
1
What is the tens digit of 991952?
5
What is the ten thousands digit of 98051?
9
What is the thousands digit of 101172?
1
What is the ten thousands digit of 127083?
2
What is the millions digit of 2173653?
2
What is the millions digit of 4729050?
4
What is the hundreds digit of 6618876?
8
What is the tens digit of 911553?
5
What is the hundred thousands digit of 871806?
8
What is the units digit of 431654?
4
What is the units digit of 22584831?
1
What is the units digit of 2197829?
9
What is the ten thousands digit of 76688?
7
What is the thousands digit of 17422?
7
What is the hundred thousands digit of 2160422?
1
What is the hundred thousands digit of 1314583?
3
What is the hundred thousands digit of 4201557?
2
What is the tens digit of 2646688?
8
What is the ten thousands digit of 216457?
1
What is the ten thousands digit of 26766717?
6
What is the units digit of 31803223?
3
What is the thousands digit of 179593?
9
What is the hundred thousands digit of 124250?
1
What is the hundred thousands digit of 174905?
1
What is the millions digit of 4484432?
4
What is the hundreds digit of 708217?
2
What is the thousands digit of 356331?
6
What is the tens digit of 88644?
4
What is the hundreds digit of 3554927?
9
What is the ten thousands digit of 7952830?
5
What is the units digit of 3425552?
2
What is the hundreds digit of 498116?
1
What is the hundreds digit of 67402?
4
What is the hundreds digit of 124380?
3
What is the millions digit of 8281701?
8
What is the tens digit of 445521?
2
What is the thousands digit of 2500585?
0
What is the tens digit of 492197?
9
What is the ten thousands digit of 176547?
7
What is the thousands digit of 15100265?
0
What is the tens digit of 32554?
5
What is the thousands digit of 2108552?
8
What is the ten thousands digit of 72459?
7
What is the hundreds digit of 637357?
3
What is the ten thousands digit of 162672?
6
What is the hundred thousands digit of 314696?
3
What is the thousands digit of 524649?
4
What is the units digit of 1488271?
1
What is the units digit of 133322?
2
What is the ten thousands digit of 4933343?
3
What is the thousands digit of 205198?
5
What is the millions digit of 5861201?
5
What is the ten thousands digit of 5041869?
4
What is the tens digit of 14087692?
9
What is the hundreds digit of 337129?
1
What is the tens digit of 937259?
5
What is the millions digit of 2554055?
2
What is the ten thousands digit of 233259?
3
What is the hundred thousands digit of 20538469?
5
What is the hundreds digit of 918364?
3
What is the tens digit of 13541952?
5
What is the thousands digit of 230536?
0
What is the tens digit of 9627679?
7
What is the ten thousands digit of 6950788?
5
What is the tens digit of 15728458?
5
What is the units digit of 225048?
8
What is the ten millions digit of 15292777?
1
What is the thousands digit of 238542?
8
What is the thousands digit of 526185?
6
What is the tens digit of 766942?
4
What is the hundreds digit of 7881435?
4
What is the hundred thousands digit of 16522562?
5
What is the tens digit of 424859?
5
What is the hundreds digit of 62709?
7
What is the hundreds digit of 11109142?
1
What is the thousands digit of 2586?
2
What is the thousands digit of 310705?
0
What is the ten thousands digit of 3049703?
4
What is the units digit of 1000123?
3
What is the ten thousands digit of 1263478?
6
What is the hundreds digit of 8635737?
7
What is the units digit of 2857283?
3
What is the tens digit of 128654?
5
What is the tens digit of 1250651?
5
What is the thousands digit of 117748?
7
What is the tens digit of 5476398?
9
What is the units digit of 79184?
4
What is the ten thousands digit of 2008244?
0
What is the tens digit of 101902?
0
What is the ten thousands digit of 426765?
2
What is the ten thousands digit of 14708684?
0
What is the units digit of 46034?
4
What is the tens digit of 470075?
7
What is the tens digit of 4310913?
1
What is the thousands digit of 11543625?
3
What is the hundred thousands digit of 4094607?
0
What is the hundred thousands digit of 281991?
2
What is the hundred thousands digit of 2163593?
1
What is the units digit of 7745565?
5
What is the units digit of 103150?
0
What is the thousands digit of 1184497?
4
What is the thousands digit of 514342?
4
What is the thousands digit of 5206045?
6
What is the hundreds digit of 755336?
3
What is the hundred thousands digit of 253269?
2
What is the ten thousands digit of 321013?
2
What is the hundreds digit of 409416?
4
What is the tens digit of 669624?
2
What is the ten thousands digit of 1184844?
8
What is the tens digit of 107156?
5
What is the tens digit of 857386?
8
What is the tens digit of 1204555?
5
What is the millions digit of 18601340?
8
What is the hundreds digit of 4977756?
7
What is the hundred thousands digit of 7509300?
5
What is the hundreds digit of 11791416?
4
What is the hundred thousands digit of 5547098?
5
What is the tens digit of 2190049?
4
What is the hundred thousands digit of 1366888?
3
What is the thousands digit of 2443353?
3
What is the units digit of 1520937?
7
What is the hundreds digit of 3096391?
3
What is the ten thousands digit of 138958?
3
What is the hundred thousands digit of 1886433?
8
What is the tens digit of 61540?
4
What is the units digit of 264772?
2
What is the ten thousands digit of 3298542?
9
What is the ten millions digit of 25772311?
2
What is the units digit of 3773493?
3
What is the tens digit of 1179568?
6
What is the units digit of 1257367?
7
What is the thousands digit of 222815?
2
What is the ten thousands digit of 3729230?
2
What is the millions digit of 4299699?
4
What is the hundred thousands digit of 1648102?
6
What is the tens digit of 739637?
3
What is the ten thousands digit of 11891862?
9
What is the ten thousands digit of 785370?
8
What is the hundreds digit of 228540?
5
What is the units digit of 1220237?
7
What is the units digit of 677815?
5
What is the units digit of 22010903?
3
What is the hundred thousands digit of 316840?
3
What is the thousands digit of 609822?
9
What is the tens digit of 1864711?
1
What is the ten thousands digit of 18706834?
0
What is the tens digit of 1785568?
6
What is the hundreds digit of 64092?
0
What is the ten thousands digit of 30736892?
3
What is the hundreds digit of 253494?
4
What is the ten thousands digit of 1017396?
1
What is the thousands digit of 11663583?
3
What is the tens digit of 568792?
9
What is the millions digit of 1074048?
1
What is the ten thousands digit of 350706?
5
What is the tens digit of 21361832?
3
What is the hundred thousands digit of 10007869?
0
What is the ten thousands digit of 4785866?
8
What is the hundred thousands digit of 413084?
4
What is the hundreds digit of 1167702?
7
What is the hundreds digit of 990763?
7
What is the hundreds digit of 18928332?
3
What is the ten thousands digit of 1480567?
8
What is the tens digit of 8519040?
4
What is the ten thousands digit of 1540047?
4
What is the thousands digit of 30182850?
2
What is the hundred thousands digit of 1109161?
1
What is the thousands digit of 7905997?
5
What is the millions digit of 2398565?
2
What is the tens digit of 168346?
4
What is the hundreds digit of 640401?
4
What is the tens digit of 2602451?
5
What is the ten thousands digit of 119923?
1
What is the thousands digit of 310479?
0
What is the thousands digit of 105604?
5
What is the hundreds digit of 10064707?
7
What is the tens digit of 48648?
4
What is the thousands digit of 14602555?
2
What is the thousands digit of 1268627?
8
What is the units digit of 402970?
0
What is the tens digit of 2625969?
6
What is the ten thousands digit of 421489?
2
What is the thousands digit of 595517?
5
What is the hundred thousands digit of 226744?
2
What is the tens digit of 1018477?
7
What is the hundreds digit of 851278?
2
What is the thousands digit of 2952681?
2
What is the hundred thousands digit of 311852?
3
What is the ten thousands digit of 2428184?
2
What is the thousands digit of 21892925?
2
What is the ten thousan